 g(x) = 3*x**3 + 14*x**2 - 78*x - 340. What is g(-5)?
25
Let c(h) = h**3 - 92*h**2 + 277*h - 927. Calculate c(89).
-37
Let b(u) = -7*u**3 + 9*u**2 + 11*u + 3. Calculate b(-1).
8
Let p(l) = -l - 134. Calculate p(-8).
-126
Let y(k) = k**2 - 60*k + 113. What is y(59)?
54
Let q(s) = 102*s - 3784. Calculate q(37).
-10
Let y(h) = -85*h**2 + 55*h - 2. Calculate y(-1).
-142
Let b(v) = v**2 + 559*v + 3868. Give b(-7).
4
Let n(y) = -3*y**3 + 740*y**2 + 222*y + 6184. Determine n(247).
9
Let o(k) = 8*k**2 - 74*k + 399. Calculate o(6).
243
Let a(g) = -1185*g + 4735. Give a(4).
-5
Let b(s) = -s**3 + 25*s**2 + 1649*s + 42. What is b(55)?
-13
Let n(q) = -3*q**2 + 214*q - 998. Give n(5).
-3
Let g(j) = 116*j - 5887. Calculate g(53).
261
Let g(r) = 150*r**2 + 3*r + 2. Give g(-1).
149
Let c(w) = -14*w + 68. Give c(12).
-100
Let m(l) = -7*l**3 - 44*l**2 - 12*l + 2. Determine m(-6).
2
Let u(h) = -h**2 - 9*h + 311. What is u(-24)?
-49
Let l(g) = g**3 - 34*g**2 - g + 27. Calculate l(34).
-7
Let m(f) = 23*f + 26. Give m(10).
256
Let p(k) = 5*k**2 - 27*k - 131. Give p(-5).
129
Let s(b) = -b**2 + 47*b - 364. What is s(14)?
98
Let a(p) = -4*p**2 - 617*p - 1961. What is a(-151)?
2
Let c(i) = -i**2 + 59*i - 866. What is c(28)?
2
Let z(f) = -f**2 + 138*f + 1808. Calculate z(-12).
8
Let c(t) = -60*t**2 - 7860*t - 5. Give c(-131).
-5
Let g(s) = -s**3 + 6*s + 1. Calculate g(-3).
10
Let q(w) = 16*w**2 + 207*w + 142. Calculate q(-12).
-38
Let v(p) = p**3 - 7*p**2 - 19*p + 9. What is v(-4)?
-91
Let n(s) = -s**2 - 17*s + 259. Determine n(9).
25
Let i(b) = -72*b**3 - b**2 - 6*b - 5. Determine i(-1).
72
Let r(m) = m**2 - 8*m - 45. What is r(-4)?
3
Let t(k) = 24*k**3 - 2*k**2 + k - 1. What is t(1)?
22
Let r(x) = -644*x - 1928. Calculate r(-3).
4
Let r(u) = -4*u - 24. Calculate r(-11).
20
Let w(k) = 2*k**2 + 421*k + 1850. Give w(-206).
-4
Let c(n) = -94*n - 1982. What is c(-21)?
-8
Let g(d) = 9*d**2 - 908*d - 112. Calculate g(101).
-11
Let q(z) = z**3 + 14*z**2 - 33*z + 97. Calculate q(-16).
113
Let t(w) = 5*w**2 + 439*w + 769. What is t(-86)?
-5
Let l(a) = 2*a**2 + 26*a + 34. What is l(-9)?
-38
Let m(s) = s**3 + 16*s**2 + 28*s - 3. What is m(-14)?
-3
Let b(a) = a**3 + 8*a**2 - 38*a - 65. Calculate b(-10).
115
Let b(p) = -3*p**3 - 45*p**2 - 136*p + 3. Determine b(-4).
19
Let m(o) = 48*o + 1553. What is m(-31)?
65
Let f(w) = -186*w - 1156. Calculate f(-7).
146
Let l(h) = -279*h - 21477. What is l(-77)?
6
Let v(s) = -s**3 + 28*s**2 - 69*s - 11. Calculate v(3).
7
Let i(n) = 72*n - 56. Determine i(0).
-56
Let k(t) = -262*t + 2933. Calculate k(10).
313
Let l(f) = 4*f**2 + 26*f + 232. Calculate l(0).
232
Let x(n) = -1366*n + 12272. What is x(9)?
-22
Let z(u) = 2*u**3 - 173*u**2 + 242*u + 1085. Give z(85).
-20
Let v(o) = o**3 + 2*o**2 + 663*o + 1992. Give v(-3).
-6
Let r(m) = -2034*m - 6202. Determine r(-3).
-100
Let o(j) = -2*j**3 - 17*j**2 - 15*j + 87. What is o(-8)?
143
Let p(l) = -4*l + 128. Give p(17).
60
Let w(i) = i**2 - 3*i - 5687. Calculate w(-74).
11
Let y(j) = -j**2 + 18*j - 21. Give y(6).
51
Let h(w) = w**2 - 4*w - 100. What is h(11)?
-23
Let g(b) = b**3 + 13*b**2 - 16*b - 39. Determine g(-12).
297
Let z(f) = f**2 + 6*f - 385. Calculate z(-20).
-105
Let d(q) = 42*q - 4006. What is d(96)?
26
Let c(z) = -z**2 + 14*z - 14. Give c(12).
10
Let n(x) = 2024*x + 2062. Calculate n(-1).
38
Let u(y) = y**3 + 6*y**2 - 117*y - 469. Determine u(-4).
31
Let t(k) = -6*k**2 + 95*k - 211. Give t(2).
-45
Let r(k) = k**2 + 5*k - 207. Calculate r(15).
93
Let m(k) = 2*k**3 - 39*k**2 - 24*k - 37. Determine m(20).
-117
Let v(b) = 47*b**2 + 107*b - 5. Give v(-4).
319
Let a(s) = -s**3 + 68*s**2 - 313*s - 124. What is a(63)?
2
Let p(n) = n**3 + 33*n**2 + 28*n - 137. Give p(-32).
-9
Let b(t) = t**3 + 9*t**2 + 33*t - 734. Give b(6).
4
Let k(c) = -15*c**2 + 1046*c + 288. Determine k(70).
8
Let i(w) = -w**2 - 45*w - 142. What is i(-3)?
-16
Let w(o) = o**2 + 103*o + 2234. What is w(-31)?
2
Let c(l) = -l**3 + 2*l**2 - 34*l + 105. What is c(3)?
-6
Let w(y) = -y**3 - 114*y**2 + 320*y + 10206. Determine w(-116).
-2
Let p(u) = -2*u**2 - 133*u + 112. Give p(-67).
45
Let t(s) = 4778*s - 19107. Determine t(4).
5
Let f(r) = -377*r**2 - 4145*r + 34. Give f(-11).
12
Let o(g) = -g**2 - 93. Determine o(0).
-93
Let k(n) = -20*n + 62. What is k(7)?
-78
Let u(m) = -35*m - 1381. What is u(-33)?
-226
Let x(v) = 82*v - 657. Calculate x(8).
-1
Let j(f) = f**2 + 34*f - 73. Give j(-30).
-193
Let m(k) = -832*k + 5100. Determine m(6).
108
Let h(o) = -56*o - 1558. Determine h(-28).
10
Let f(d) = -d**3 + 18*d**2 - 20*d + 138. What is f(17)?
87
Let p(i) = -18*i - 216. Calculate p(-17).
90
Let w(u) = -3*u**3 - 11*u**2 - 4*u - 40. Determine w(-4).
-8
Let z(q) = -86*q - 103. What is z(-1)?
-17
Let i(w) = 26*w + 31. Give i(-2).
-21
Let m(x) = 9*x + 32. Calculate m(6).
86
Let c(y) = -y**3 + 124*y**2 + 647*y - 7. Determine c(-5).
-17
Let d(f) = -2*f**3 + 50*f**2 + 92*f - 780. Calculate d(26).
260
Let x(s) = s + 34. Calculate x(-5).
29
Let f(v) = -7*v**2 + 160*v - 36. Give f(23).
-59
Let o(f) = 33*f - 3. Give o(-2).
-69
Let v(u) = 2458*u + 7380. Determine v(-3).
6
Let a(u) = 9*u**3 + 59*u**2 - 57*u - 1. What is a(1)?
10
Let r(a) = 73*a - 973. Calculate r(13).
-24
Let c(k) = -k**3 + 38*k**2 + 6. Calculate c(38).
6
Let t(o) = 2*o + 6. What is t(4)?
14
Let m(k) = -128*k - 2978. What is m(-23)?
-34
Let x(r) = -r**3 + 2*r**2 + 28*r - 6. Give x(5).
59
Let o(d) = -d**3 + 121*d**2 - 466*d - 5. Determine o(4).
3
Let c(y) = -y**3 + 8*y**2 + 37*y - 256. What is c(10)?
-86
Let i(b) = -b**2 - 4*b - 14. Determine i(-3).
-11
Let g(y) = -200*y - 3356. Determine g(-17).
44
Let r(l) = -3*l - 7. What is r(-14)?
35
Let k(q) = 287*q - 4. Determine k(0).
-4
Let h(q) = -q**2 - 146*q - 3462. Give h(-30).
18
Let u(z) = 38*z**3 - 12*z**2 - 10*z + 1. Determine u(-1).
-39
Let s(u) = 2*u**3 + 48*u**2 - 48*u + 50. Determine s(-25).
0
Let c(r) = 31*r + 1263. Give c(-42).
-39
Let x(v) = 6*v**2 + 2*v + 2. Calculate x(-7).
282
Let i(w) = 12*w**2 + 53*w - 53. Give i(1).
12
Let z(i) = i**3 - 46*i**2 + 47*i - 123. Give z(45).
-33
Let s(c) = -c**3 - 18*c**2 - 48*c - 500. What is s(-17)?
27
Let z(c) = c**3 - c**2 - 8*c + 16. Determine z(2).
4
Let l(u) = 4*u**2 + 50*u - 75. What is l(-14)?
9
Let g(o) = -146*o - 1313. Calculate g(-11).
293
Let o(c) = 25*c - 755. Calculate o(28).
-55
Let a(q) = 504*q - 15619. Give a(31).
5
Let a(t) = 41*t - 2171. Give a(53).
2
Let o(t) = -60*t**2 - 71*t - 8. What is o(-1)?
3
Let v(r) = -1323*r - 35726. Give v(-27).
-5
Let l(b) = -3*b**3 + 179*b**2 + 45*b + 914. Give l(60).
14
Let i(r) = -73*r - 410. Determine i(-6).
28
Let n(d) = -153*d + 3406. Calculate n(22).
40
Let m(f) = 6*f**2 + 52*f - 27. Give m(-9).
-9
Let g(k) = -417*k + 421. Determine g(1).
4
Let c(f) = -f**2 + 3*f + 87. What is c(11)?
-1
Let k(j) = 12*j**3 + 3*j**2 - 8. Calculate k(3).
343
Let p(w) = 14*w**2 + 195*w - 3345. What is p(10)?
5
Let t(a) = -2*a**2 + 22*a + 151. Determine t(-9).
-209
Let i(q) = -2*q**2 - 91*q + 45328. Determine i(-175).
3
Let m(u) = -2*u + 110. Give m(-59).
228
Let h(x) = 2*x**3 - 22*x**2 - 53*x + 580. Give h(11).
-3
Let x(d) = d**2 - 204*d + 6810. Give x(42).
6
Let x(f) = f + 32. Calculate x(-4).
28
Let k(n) = n**3 - 26*n**2 - 2*n + 74. What is k(26)?
22
Let f(u) = -940*u - 25227. Give f(-27).
153
Let j(c) = -c**3 + 10*c**2 - 17*c + 48. Calculate j(9).
-24
Let r(z) = -z**2 + 42*z - 79. Give r(2).
1
Let i(w) = -587*w - 253581. What is i(-432)?
3
Let g(c) = 2*c**2 + 56*c - 213. Give g(-31).
-27
Let a(j) = -38*j + 1586. Calculate a(42).
-10
Let x(n) = 1102*n - 28653. What is x(26)?
-1
Let x(f) = -1266*f + 10130. Give x(8).
2
Let q(d) = d**3 + 17*d**2 + 92*d + 141. What is q(-6)?
-15
Let l(t) = -17*t + 879. What is l(36)?
267
Let k(u) = -105*u + 519. Calculate k(5).
-6
Let k(f) = -f**3 - f**2 + 30*f + 56. Determine k(-4).
-16
Let t(y) = -130*y + 4597. Determine t(36).
-83
Let b(r) = 12*r**3 - 122*r**2 + 21*r - 20. Calculate b(10).
-10
Let u(q) = -q**3 - 64*q**2 - 289*q + 361. Give u(-59).
7
Let s(o) = -o**3 + 46*o**2 + 39*o - 79. Give s(47).
-455
Let w(r) = -r**2 + 31*r - 218. Give w(21).
-8
Let s(z) = -50*z + 1696. What is s(37)?
-154
Let x(f) = -f**2 - 623*f + 17559. What is x(27)?
9
Let w(x) = -86*x + 604. Calculate w(8).
-84
Let f(t) = 31*t**2 + 93*t - 7. Cal